Let q be -2*(-2)/20*5. Let h = q + l. Calculate the remainder when 17 is divided by h.
5
Let q(i) be the first derivative of i**3/3 - i**2/2 + 72*i - 11. Calculate the remainder when q(0) is divided by 25.
22
Let w = 193 - 134. Let l(r) = r**2 - r. Let i(h) = -5*h**2 + 24*h - 3. Let u(g) = -i(g) - 6*l(g). What is the remainder when w is divided by u(-17)?
19
Calculate the remainder when 126 is divided by (5440/400)/(4/10).
24
Let u(c) = 5*c**2 - 23*c + 3. Calculate the remainder when u(5) is divided by 7.
6
Calculate the remainder when (4 - 5)*213/6*-2 is divided by 4.
3
Suppose 1123 + 2324 = 9*z. Calculate the remainder when z is divided by 64.
63
Let i be 5 + 1 - (3 + -2). Suppose 2*x = 25 + i. What is the remainder when 1 - (-62 + 2 + (1 - 1 - -3)) is divided by x?
13
What is the remainder when 358 is divided by 70 - -109 - (-1 + (-10)/(-2))?
8
Let u = -30 - -26. What is the remainder when 21 is divided by u + 12*6/4?
7
Let f be (-12)/78 - (-41)/13. Suppose f*x = 73 + 236. Let a = -60 + x. What is the remainder when 170 is divided by a?
41
Calculate the remainder when 163 is divided by ((-85)/10 - -3)*2*-1.
9
Let n = 10 - 5. Let x = n + -2. Calculate the remainder when 18/(-6) + x*4 is divided by 4.
1
Let z(i) = i**3 - i**2 - 4*i - 1. Let v be 13 + -9 + (1 - 2). Let n be z(v). Suppose o - 5*g = -g + 11, 0 = g - n. What is the remainder when o is divided by 8?
7
Suppose 12 = 4*n + 4*w, 3*n = -2*n - 4*w + 20. Suppose 0 = -10*l + n*l + 114. Calculate the remainder when l is divided by 15.
12
Suppose -172 + 52 = -6*l. Calculate the remainder when 117 is divided by l.
17
Let b be (-1 - 3) + 4*146/8. What is the remainder when (-5 - (1 + -1))/((-3)/b) is divided by 13?
11
Suppose 5*j = 2*h + 29, -j + 2 + 9 = -3*h. Suppose j*i = 3*i + 64. Suppose 43 = 4*x + r, 45 = 5*x - 4*r - 14. What is the remainder when i is divided by x?
10
Suppose 4*n = -5*q + 561, 0 = 2*q - 3*n + 66 - 272. What is the remainder when q is divided by 39?
31
Let p = 46 + -7. Let s = p - 36. Calculate the remainder when 8 is divided by s.
2
Suppose -5*t - 2*p = 1, -5*t - 5*p + 5 = 15. Let m(l) be the first derivative of 23*l**3/3 - l**2 + l + 3. Calculate the remainder when m(t) is divided by 5.
2
Suppose 12*k + 1 - 1 = 0. Suppose 8*z - 12*z + 100 = k. Calculate the remainder when 174 is divided by z.
24
Suppose -5*i + 2*k = -135, -i + 4*k + 45 = -0*i. Suppose 0 = -3*r - r + 288. What is the remainder when r is divided by i?
22
Suppose 160 = 10*f - 80. Calculate the remainder when 30 is divided by f.
6
Suppose -7 = 5*f - 12. Suppose 0*j = -5*j + 365. What is the remainder when j is divided by f/(-8) + 3519/184?
16
Let k(s) = 13*s**2 - 7*s. What is the remainder when 45 is divided by k(1)?
3
Suppose 2*q = w - 12, -3*w + 29 = -q + 3. What is the remainder when 24 is divided by w?
0
Let z(m) = -19*m + 137. What is the remainder when 136 is divided by z(6)?
21
What is the remainder when (-248)/(-6)*(-18)/(-24) is divided by 9?
4
Let c = -6 - -18. Suppose 2*h = 3*l - c, 15 = 2*l + 2*l - 3*h. Suppose -l*u + 2*u + 112 = 0. Calculate the remainder when u is divided by 15.
13
Let n be (135/(-20) - -6) + 7/4. What is the remainder when 7 is divided by (-1 - -2 - n) + 6?
1
Let g = -1427 - -1438. What is the remainder when 807 is divided by g?
4
Suppose 3*n - 5*w - 251 = 0, -7*n = -6*n - 4*w - 86. What is the remainder when 160 is divided by n?
78
Let i be 2 - 8/2 - -6. Suppose -5*k = 3*y - 29, 0 = -4*y + 2*k + 33 - 3. Suppose 0*l - i*l = -y. What is the remainder when 5 is divided by l?
1
Let g = -150 - -392. Calculate the remainder when g is divided by 61.
59
Let w = 14 - 3. Let p(z) = 3 + 6*z + 6 + 10 + 15. What is the remainder when w is divided by p(-5)?
3
Let v(q) = q**3 + 21*q**2 - q + 4. Calculate the remainder when v(-21) is divided by 14.
11
Suppose -11*q - 511 = -1655. Calculate the remainder when q is divided by 23.
12
Suppose -2*j = -5*h - 322, 0*h - 218 = 3*h + 5*j. Let a = -16087 - -16218. Calculate the remainder when a is divided by (-2)/(1 + 70/h).
32
Suppose -3*q + 2*h + 0*h + 63 = 0, -3*q + 4*h + 63 = 0. Calculate the remainder when 124 is divided by q.
19
Let a(c) = 70*c**2 + c - 1. Suppose -4*t + 0*t = 2*v - 24, -3*t + 2*v + 32 = 0. Calculate the remainder when a(1) is divided by t/(-36) - (-654)/27.
22
Let b = 40 + -2. Suppose 0 = m - 5*n - 15, -9*m - 55 = -14*m + 5*n. What is the remainder when b is divided by m?
8
Suppose 5*i - 18 = h, -3*h + 5*h = -2*i. Let b(f) = f**2 + 5*f - 15. What is the remainder when 24 is divided by b(i)?
6
Let n = 4 + 1. What is the remainder when (-1 - -57) + (3 - n) is divided by 19?
16
Let a(q) = -q**3 + 24*q**2 + 33*q - 65. What is the remainder when 517 is divided by a(25)?
112
Let f be 7 - (5 - 3 - 5). Suppose l + f = 6*l. Suppose -2*g - 4*y = 0, -4*g - l*y + 4*y + 20 = 0. Calculate the remainder when 6 is divided by g.
2
Let g(q) = 30*q + 65. Calculate the remainder when 125 is divided by g(0).
60
Let w(b) = -4*b**3 - 4*b - 5. Let k be w(-1). Suppose 0*a + 4*a + k*v - 26 = 0, -2*a = -5*v. Calculate the remainder when 5 is divided by a.
0
Let r be -4 + (-2 - 124/4). Let p = 120 + r. What is the remainder when p is divided by 42?
41
Suppose 507 = 5*r - 168. Calculate the remainder when r is divided by 34.
33
Calculate the remainder when (-14)/(-21)*9*(-51)/(-9) is divided by -5*4*(-2 + 1).
14
Calculate the remainder when 1097 is divided by (8 + 72/(-16))*(-400)/(-14).
97
Let c(m) = -m**2 - m - 2*m + 12*m. Suppose -n - 231 = -4*x - 0*n, 0 = -2*x + 4*n + 112. Calculate the remainder when x is divided by c(4).
18
Suppose 46 + 68 = 6*c. Suppose 0 = 3*x - 0*x - 4*o - 191, -3*o = -2*x + 126. Calculate the remainder when x is divided by c.
12
Suppose 22*c + 2687 = 7769. What is the remainder when c is divided by 58?
57
Suppose 3*h + 2*q + 2*q - 3 = 0, 5*q = -15. Let v = 19 - 0. Calculate the remainder when v is divided by h.
4
Let w = -156 + 161. Suppose h - 8 = 5*h. Calculate the remainder when (5 - -27)*h/(-4) is divided by w.
1
Let c(i) = 2*i**2 - 59*i + 89. Calculate the remainder when (-7)/2*(-4 + 2) is divided by c(28).
2
Suppose -5*t + 2*v = -2*t - 398, -t = -5*v - 124. What is the remainder when t is divided by 38?
20
Let s = -1339 - -1389. Calculate the remainder when s is divided by 44.
6
Let i = 12 - 8. Let y = -355 - -365. Calculate the remainder when y is divided by i.
2
Let d(j) = 25*j**3 + j**2 - 4*j + 3. Let t be d(1). Suppose 4*c - t = y + 4*y, -3*c + 2*y = -24. Calculate the remainder when 19 is divided by c.
9
Let q(x) = -x**2 + 3*x + 15. Let f be q(0). Suppose -4*o = -16, 3*o - f - 11 = -2*y. What is the remainder when 27 is divided by y?
6
Suppose w = 3 + 2. Let u = 252 + -229. What is the remainder when u is divided by w?
3
Let f be (18 - -2)/4*1. Suppose l + 15 = f*r, -r - 5*l + 9 = -5*r. Suppose 0*q - 184 = -r*q. Calculate the remainder when q is divided by 16.
14
Let h be 64 + 18 + -1 + 1. Let f = -70 + h. Calculate the remainder when 22 is divided by f.
10
Let j = 8 + 25. Suppose j = -3*l + 6*l. What is the remainder when 17 is divided by l?
6
Suppose 38 = -3*v + 68. Suppose 4*m + 2 = -5*r, -2*r + 2*m = -7*r + 4. Let j = r - -2. What is the remainder when v is divided by j?
2
Let x(b) = 7*b**2 + b - 6. Let o(t) = 35*t**2 + 6*t - 31. Let c(n) = -2*o(n) + 11*x(n). Calculate the remainder when c(-4) is divided by 23.
20
Suppose 9*q - 4*q - 50 = 0. Calculate the remainder when ((64/q)/(-4))/(1/(-5)) is divided by 5.
3
Let h be (-4)/(2*5/(-345)). Suppose 0 = -2*s + 5*m + h, 11 - 1 = -5*m. Calculate the remainder when s is divided by 33.
31
Let x be (-8)/(-8) + 2 + 0. Let o be ((-16)/6)/((-2)/x). Suppose -o*s + 78 = 2*c - 104, -4*s = -5*c - 203. Calculate the remainder when s is divided by 16.
15
Suppose 4*h + c = 37, 2*h + 2*c + 2*c = 36. Let a(z) = z + 2. Let p be a(-3). What is the remainder when h is divided by p*(2 + -1) - -3?
0
Let w(d) = d**2 + 34*d + 186. What is the remainder when 142 is divided by w(-29)?
19
Suppose 2*g - 90 = -0*g + 5*h, -5*g + 5*h = -195. Suppose 7 + 11 = -3*f. Calculate the remainder when g is divided by ((-6)/8)/(f/96).
11
Let h = 1 - -4. Let r be -3 - (-1472)/28 - 9/(-21). Let o = 69 - r. Calculate the remainder when o is divided by h.
4
Let s(u) = 10*u**3 + u**2 + u - 1. Let q(p) = 24